he prime factors of k.
2, 5
Suppose 3*h - 61 = -4. Suppose -4*m + 3 = 2*z + h, 0 = -2*z + 4*m + 24. Let u = 9 - z. List the prime factors of u.
7
Let u(r) = -r**2 + 9*r - 10. What are the prime factors of u(7)?
2
Suppose -4*v - 29 = -5*c, -5*c - 5*v + 19 = -1. Let b = -2 + c. Suppose -2*s - 3*t - 2*t = -47, -59 = -4*s - b*t. What are the prime factors of s?
11
Let l be -2 - (12*5)/3. What are the prime factors of -3*l/6 + 3?
2, 7
Suppose 82 - 8 = 3*y + 5*f, 4 = -2*f. What are the prime factors of y?
2, 7
Suppose 4*y - 2*y = -24. Let p = -7 - y. List the prime factors of p.
5
List the prime factors of 133 + 0/(3*2/3).
7, 19
Suppose 4*w - 134 = -2*k, -2*w - 5*k = 3*w - 175. List the prime factors of w.
2
Let n(q) = 6*q**2 - 2*q - 4*q**3 - 2*q**2 + 2 + 5*q**2 + 5*q**3. List the prime factors of n(-9).
2, 5
Suppose -b - 65 = 4*b. Let y = b + 23. List the prime factors of y.
2, 5
List the prime factors of 2/4*(1 - -133).
67
Let x(u) = u**3 - 2*u - 1. Let q be x(2). Suppose 2*c + 44 = 2*t, q*t = -t + c + 85. List the prime factors of t.
3, 7
Suppose -2*q = -3*v + 39, 0 = -q + v + 3 - 20. Let x be (3/(-4))/((-1)/q). Let w = -3 - x. List the prime factors of w.
2, 3
Suppose -2*h = 3*d - 253, 5*d = -0*h - 3*h + 378. Suppose -2*y - 89 = y - 4*r, 5*y + h = -2*r. Let x = y - -46. What are the prime factors of x?
19
Let n be -2 - 1 - (-5 + 2). Suppose 3*q - 27 = -n*q. List the prime factors of q.
3
Let i = 40 - 17. Let z = -43 + i. Let s = 28 + z. List the prime factors of s.
2
Let y be -1*1/(-1)*2. Suppose -38 = -y*w + w. What are the prime factors of w?
2, 19
Suppose -4*t = 2*q, 1 - 7 = -4*t + q. Let d(u) = 36 + 3*u**3 - 36. List the prime factors of d(t).
3
Let t be 3/(-2) + (-261)/18. Suppose -2*n + 5*n - 78 = 0. Let o = n + t. What are the prime factors of o?
2, 5
Suppose 5*f - 207 + 42 = 0. What are the prime factors of f?
3, 11
Let b(m) = 2*m + 37. List the prime factors of b(6).
7
What are the prime factors of (1 + -7)*57/(-6)?
3, 19
Suppose 0 = 2*l - 93 - 35. What are the prime factors of l?
2
Suppose -2*k + 26 = 6*s - 3*s, 0 = -5*s. Let l(w) = 3*w + 6. What are the prime factors of l(k)?
3, 5
Let s = 78 - 45. List the prime factors of s.
3, 11
Let t = 5 - 0. Suppose i - t = 28. What are the prime factors of (6/(-9))/((-2)/i)?
11
List the prime factors of 8*(-4)/(-8)*(-6)/(-4).
2, 3
Suppose b = 2*b - 3, 0 = -2*p - 2*b - 8. Let q = 36 - p. List the prime factors of q.
43
Suppose 4*g = 2*o - 0*g - 16, 4*o + 3*g = 10. List the prime factors of o.
2
Let c = 21 + 13. Let a = -24 + c. Let o = a - 6. What are the prime factors of o?
2
Let l be ((-33)/(-6))/(1/(-2)). Let s(v) = -v**2 - 12*v + 4. List the prime factors of s(l).
3, 5
Let f = 2 - 0. Suppose -f*l = 4*k - 4, -4*l + 5*k - 2 = -10. List the prime factors of l.
2
Let x be (-3 - -4)/(1/7). Let w(o) = -o**3 + 8*o**2 - 10. What are the prime factors of w(x)?
3, 13
Suppose 4*q = -12, -2*w - 3*q + 3 = w. Suppose -x - w = -3*x. What are the prime factors of x?
2
Let t be -14*2/(1 - 5). Suppose -2*o = -f + 2*f - t, 5*f = -2*o + 19. What are the prime factors of o?
2
Let r = -216 + 392. What are the prime factors of r?
2, 11
List the prime factors of 605/15 - (-2)/3.
41
Suppose 4*f + 0*f = o + 760, -4*f + 3*o = -768. What are the prime factors of f?
3, 7
Let t(q) = 88*q + 2. List the prime factors of t(3).
2, 7, 19
Suppose -4*a = -3*a - f - 115, 0 = 2*a + 5*f - 244. What are the prime factors of a?
3, 13
Let j(x) = -x**2 - 16*x - 8. List the prime factors of j(-13).
31
List the prime factors of (-10 - 36)*(-4 + (2 - 0)).
2, 23
Let w(c) = c**3 - 9*c**2 + 6. Let m be (0 - -6)*(-4)/(-8). Suppose -4*o - 2*b + 4*b + 40 = 0, -o - m*b = -3. List the prime factors of w(o).
2, 3
List the prime factors of -42*(12/(-8) - -1).
3, 7
Let b(d) = d + 4. Let j be b(5). Suppose -2*f + 1 + j = 0. Suppose -14 - 11 = -f*h. List the prime factors of h.
5
Let m(l) be the second derivative of -1/12*l**4 + l + 0 - 5/2*l**2 + 3/2*l**3. List the prime factors of m(7).
3
Let o(h) = h**2 + 4*h + 1. Let m be o(-4). Let u be m*(-6)/(-3) + 1. Suppose 4*d - u*j = 23, -5*j = -4*d + 1 + 24. List the prime factors of d.
5
Suppose -m - o + 3*o + 409 = 0, m = -3*o + 384. What are the prime factors of m?
3, 7, 19
Let f = 131 - -9. List the prime factors of f.
2, 5, 7
Suppose -2*j = -4*j - 10, 5*o - 4*j = 135. List the prime factors of o.
23
Let y = -2 + 3. Let w = y + 3. Suppose -9 = -w*o - 1. What are the prime factors of o?
2
Let k(b) be the second derivative of b**4/12 + b**3/2 - 5*b**2/2 - b. List the prime factors of k(-6).
13
Let y = 75 + -42. What are the prime factors of y?
3, 11
List the prime factors of (-6)/4 + (-14)/(-4).
2
Let j(b) = 6*b**2 + 4. Let p be -3 + (5 - (-1 + 1)). List the prime factors of j(p).
2, 7
Let a = -131 + 229. What are the prime factors of a?
2, 7
Let w(f) = -f**2 - 7*f + 6. Let r be w(-7). Let j(g) = g**2 - 3*g - 4. List the prime factors of j(r).
2, 7
Suppose -62 = -4*j + 2*v, 0*j - 7 = j - 5*v. List the prime factors of j.
2, 3
Let p be (-3)/(-4)*(-176)/4. Let k = p + 77. List the prime factors of k.
2, 11
Let m be 3 - (13 + 1 - -3). Let y = -3 - m. What are the prime factors of y?
11
List the prime factors of -8*13*(-15)/20.
2, 3, 13
Let z = -10 - -16. Let a = -12 + z. Let o(h) = -h. What are the prime factors of o(a)?
2, 3
Suppose -12*z + 11*z + 137 = 0. What are the prime factors of z?
137
Let q(n) be the second derivative of -n**4/12 + 5*n**3/3 + 3*n**2/2 - n. List the prime factors of q(10).
3
Suppose 1 = 5*i + 11. List the prime factors of (-2)/i + (33 - -6).
2, 5
Let i be (-2)/4*-6 - -26. Suppose 4*c = -5 + 17. Suppose -c*p + 7 = -i. What are the prime factors of p?
2, 3
Let b(r) = r**3 - 8*r**2 + 9*r - 1. Let f be b(7). Let a = f + -9. What are the prime factors of a?
2
Suppose 0 = -17*t + 19*t - 44. List the prime factors of t.
2, 11
Suppose 14 = 5*m + 3*n, 2*n - 12 = 3*m - 3*n. List the prime factors of (20 - (1 + -4))/m.
23
Suppose x + 3*x = 0. Let o(d) = d**3 + 5*d**2 - 9*d - 2. Let f be o(-6). Suppose -3*b + 28 = 2*c, -b + x*c - 4*c + f = 0. What are the prime factors of b?
2
Let o(b) = b**2 + 2*b - 5. Let f be o(-4). Let g(w) = -w**3 + w**2 + 2*w + 3. Let v be g(f). What are the prime factors of -2 - (0 - (2 - v))?
3
Suppose -l - 11 = -3*o - 2*l, 2*o - 3*l = 0. Suppose 0 = -2*u + o*h + 12, u + 4*h - 12 = 5. List the prime factors of u.
3
Let x(g) = -g**2 - 16*g + 3. What are the prime factors of x(-16)?
3
What are the prime factors of 5*12*(-140)/(-40)?
2, 3, 5, 7
Let m = -14 - -8. What are the prime factors of 532/21*m/(-4)?
2, 19
Suppose -3*j - 3*l = -579, 0 = j + 2*l - 3*l - 183. List the prime factors of j.
2, 47
Let k = 1 - -3. Suppose -k*q = 14 - 38. Suppose q + 5 = t. List the prime factors of t.
11
Suppose 6*i - 8*i + 8 = 0. Suppose -i*p = -8*p + 220. What are the prime factors of p?
5, 11
Let r(s) be the first derivative of -3*s**2 - 4*s + 1. What are the prime factors of r(-2)?
2
Suppose 3*d + 5 - 19 = -h, -d = -5*h + 6. Suppose -23 + 3 = -h*z. Suppose -z = -7*b + 2*b. List the prime factors of b.
2
Suppose 5*g + 2*q = 199, -7*g + 3*g = 3*q - 162. What are the prime factors of g?
3, 13
Suppose -3*j + 0*j = -6. What are the prime factors of (164/6)/(j/3)?
41
Let u(o) = 3*o**2 + 2*o - 5. What are the prime factors of u(-3)?
2
Let u(v) = 2*v**2 + 1 - 9*v - 3*v**2 - 7. Let a be u(-6). List the prime factors of (6/(-4))/((-2)/a).
3
Suppose -4*x = -n + 122, 0*x = n - 2*x - 114. List the prime factors of n.
2, 53
Let j = 105 - 70. List the prime factors of j.
5, 7
Let j(m) = -2*m - 10. Let o be j(-7). Suppose -15 = -o*q + q. List the prime factors of q - (2 + 0) - -6.
3
Let y = 53 + -27. What are the prime factors of y?
2, 13
Suppose w + 24 = -4*a - 33, -3*a - 24 = -3*w. Suppose 7*d = 2*d - 25. Let s = d - a. What are the prime factors of s?
2
Let w be ((-63)/(-36))/((-1)/(-4)). Let n(d) = 3*d**2 - 2*d + 1. Let o(a) = -10*a**2 + 7*a - 4. Let q(l) = w*n(l) + 2*o(l). List the prime factors of q(-4).
3, 5
Suppose -2*t - 3*c = -19 - 25, 4*t - 3*c - 88 = 0. List the prime factors of t.
2, 11
Suppose 3*c - 8 = -2. Let n = c - 4. What are the prime factors of (16/10)/(n/(-15))?
2, 3
Let g(w) = -w + 1. Let y(u) = 4 + 2 - 5. Let c(v) = -g(v) + 6*y(v). List the prime factors of c(-3).
2
Suppose